
Let z(u) = 4*u**3 - 2*u**2 + u + 1. What is z(-2)?
-41
Let t(g) = g**2 - 38*g - 45. What is t(39)?
-6
Let d(l) = 2*l**3 - 5*l**2 + 5*l - 5. Determine d(2).
1
Let w(x) = x**2 + 29*x - 79. Determine w(-29).
-79
Let k(x) = -14*x**3 + x**2 - 1. Determine k(-1).
14
Let h(m) = m**3 + 12*m**2 + 14*m - 10. Determine h(-10).
50
Let r(b) = b**2 - 12*b + 12. Calculate r(10).
-8
Let x(i) = 2*i + 24. What is x(-8)?
8
Let x(v) = v**3 - 26*v**2 - 21*v - 179. Determine x(27).
-17
Let n(p) = 8*p - 1. What is n(-1)?
-9
Let u(c) = -c**3 - 5*c**2 + 5*c - 3. Determine u(3).
-60
Let x(n) = 34*n - 92. What is x(6)?
112
Let s(w) = -6*w**2 + 39*w + 3. Calculate s(6).
21
Let u(v) = -v**3 + 7*v**2 - 6*v + 2. Calculate u(4).
26
Let r(s) = 30*s**3 - s. What is r(-1)?
-29
Let c(k) = 2*k**2 - k - 35. Calculate c(9).
118
Let u(p) = 8*p**3 + 4*p**2 + p - 2. What is u(-2)?
-52
Let d(z) = -z**2 - 26*z - 34. Determine d(-22).
54
Let f(m) = -m**3 - 3*m**2 + 3*m - 9. What is f(-4)?
-5
Let g(y) = y**2 + 18*y + 42. Give g(-11).
-35
Let i(o) = o - 66. What is i(-17)?
-83
Let h(v) = -2*v + 18. Calculate h(10).
-2
Let o(p) = -p**2 + 18*p - 14. Calculate o(13).
51
Let a(v) = -v**3 - 10*v**2 + 2*v - 12. Give a(-10).
-32
Let b(x) = 3*x**2 - 8*x + 6. What is b(6)?
66
Let l(b) = 13*b + 14. Calculate l(-5).
-51
Let h(k) = k**3 + 6*k**2 + 3*k + 8. What is h(-4)?
28
Let c(g) = g**2 + 16*g + 34. What is c(-14)?
6
Let q(d) = d**2 + 15*d + 13. Determine q(-14).
-1
Let c(z) = 7*z**2 - 22*z. Calculate c(3).
-3
Let t(q) = -5*q + 13. Give t(3).
-2
Let f(h) = -h**3 + 8*h**2 - 9*h + 5. Determine f(7).
-9
Let b(f) = f**3 + 3*f + 3. Determine b(0).
3
Let u(c) = -c**3 - 36*c**2 + 119*c + 56. Calculate u(-39).
-22
Let d(l) = -2*l**2 + 2*l + 1. Determine d(2).
-3
Let p(a) = 9*a**2 - a + 1. What is p(2)?
35
Let u(g) = g - 23. Calculate u(7).
-16
Let t(a) = -a**2 + 8*a - 13. Calculate t(7).
-6
Let w(y) = y**3 - 6*y**2 - 6*y + 4. Calculate w(6).
-32
Let x(o) = -o**3 - 17*o**2 - 30*o + 3. Determine x(-15).
3
Let d(v) = v**3 - 23*v**2 - 4*v + 45. Determine d(23).
-47
Let k(v) = -v**3 + 11*v**2 + v - 3. Determine k(10).
107
Let h(g) = 54*g**3 + g - 2. Give h(1).
53
Let g(u) = -2*u**2 + 17*u + 23. What is g(10)?
-7
Let z(g) = -g**2 + 11*g + 5. Determine z(11).
5
Let n(c) = c**2 - 11*c + 17. Determine n(7).
-11
Let q(u) = -u**2 - 3*u + 2. Calculate q(1).
-2
Let g(n) = -n**2 - 12*n + 17. Calculate g(-7).
52
Let o(d) = 9*d - 1. Determine o(-4).
-37
Let h(l) = -7*l**3 - 1. Calculate h(-1).
6
Let n(m) = 42*m + 204. Calculate n(-5).
-6
Let f(d) = -d**2 - 7*d - 1. Calculate f(-2).
9
Let v(z) = -2*z - 3. Determine v(3).
-9
Let q(o) = -2*o**3 + 2*o**2 - 1. Determine q(1).
-1
Let h(l) = -2*l - 40. Determine h(9).
-58
Let v(c) = -2*c + 4. Determine v(-4).
12
Let a(s) = -10*s**2 - 9*s + 5. What is a(1)?
-14
Let y(c) = 2*c**2 + 3*c - 6. Give y(-5).
29
Let a(c) = -11*c - 13. What is a(0)?
-13
Let p(s) = -s**3 + 6*s**2 + 8*s - 19. Determine p(7).
-12
Let m(y) = -89*y**3 - 1. Calculate m(-1).
88
Let r(u) = 5*u - 4. Calculate r(-4).
-24
Let l(p) = -p**3 - 6*p**2 - 4*p - 5. Determine l(-5).
-10
Let c(z) = 24*z**2 - z - 1. What is c(-1)?
24
Let g(a) = a**2 + 15*a + 29. Give g(-10).
-21
Let l(m) = m**2 - 2*m - 4. Give l(-5).
31
Let t(m) = -m**2 - m + 10. Give t(-7).
-32
Let u(j) = 20*j + 97. What is u(-4)?
17
Let g(l) = -l**2 - 12*l + 11. Give g(-13).
-2
Let b(d) = 2*d**2 + 75*d - 106. Determine b(-39).
11
Let a(c) = c**3 - 12*c**2 + 30*c + 13. What is a(4)?
5
Let g(c) = -c**2 - 8*c - 5. Determine g(-6).
7
Let p(m) = -4*m**2 - 4*m + 2. Calculate p(-4).
-46
Let s(y) = -4*y - 54. What is s(-14)?
2
Let i(r) = -2*r**3 - 6*r**2 + 2*r - 6. Determine i(-3).
-12
Let v(q) = -3*q**2 + 2*q + 38. What is v(-5)?
-47
Let l(g) = g**3 - 4*g**2 - 16*g - 43. Determine l(7).
-8
Let f(a) = -a**3 + 12*a**2 - 4*a + 41. Give f(12).
-7
Let g(h) = -2*h + 2. What is g(13)?
-24
Let g(i) = 6*i + 159. Give g(-28).
-9
Let w(l) = 11*l - 30. Determine w(6).
36
Let h(i) = -i**3 - 10*i**2 + i + 8. Calculate h(-10).
-2
Let o(u) = u**3 + 6*u**2 - 4*u + 10. What is o(-7)?
-11
Let b(p) = 3*p + 2. Determine b(-8).
-22
Let d(o) = -o + 13. What is d(15)?
-2
Let r(v) = 4*v**2 + 3*v - 1. What is r(-3)?
26
Let r(z) = -z**2 - 26*z + 1. Calculate r(-25).
26
Let a(z) = -z**2 - 20*z - 17. Determine a(-18).
19
Let u(o) = -241*o - 231. What is u(-1)?
10
Let j(p) = p**3 - 10*p**2 + 12*p - 3. Calculate j(9).
24
Let s(b) = -b**3 - 2*b**2 - 2*b - 3. Calculate s(3).
-54
Let m(s) = -8*s - 63. Calculate m(-9).
9
Let q(j) = j**3 + 10*j**2 + 19*j + 10. Determine q(-8).
-14
Let j(q) = q**3 + q**2 - q - 9. Calculate j(0).
-9
Let u(n) = n**2 + 18*n + 5. What is u(-13)?
-60
Let d(b) = -35*b - 3. Calculate d(-2).
67
Let p(r) = 11*r**2 + 2*r + 3. Give p(-2).
43
Let m(f) = -2*f**3 - f**2 + 2*f + 2. Give m(-1).
1
Let i(j) = -j**2 + j + 7. Give i(7).
-35
Let a(t) = -t**2 - 7*t + 166. Determine a(12).
-62
Let d(v) = -3*v**2 + 9*v - 18. Calculate d(2).
-12
Let o(c) = 54*c - 280. Determine o(5).
-10
Let g(f) = 2*f + 2. What is g(12)?
26
Let g(a) = -11*a + 169. Give g(16).
-7
Let s(g) = g**3 + 11*g**2 - 13*g - 15. Determine s(-12).
-3
Let r(k) = -24*k**2 - k + 2. Determine r(1).
-23
Let f(v) = 2*v + 5. Give f(-13).
-21
Let z(p) = p**3 + 7*p**2 - 60*p + 15. Calculate z(5).
15
Let p(r) = r**2 - 35*r - 116. Give p(38).
-2
Let w(r) = r**3 - 3*r**2 - 16. Determine w(4).
0
Let h(b) = 5*b - 38. Calculate h(3).
-23
Let v(u) = 3*u + 16. What is v(-8)?
-8
Let m(g) = 2*g**2 - 2*g. Calculate m(-2).
12
Let b(u) = u**2 + 3*u - 5. Determine b(-5).
5
Let m(d) = d**3 + 4*d**2 - 6*d + 8. Give m(-6).
-28
Let i(x) = 2*x**2 - 6*x - 4. What is i(5)?
16
Let r(s) = s**3 - 47*s**2 + 4*s - 180. Determine r(47).
8
Let j(y) = y**3 - 8*y**2 - y - 4. Determine j(8).
-12
Let q(t) = -t**3 + 6*t**2 - 5*t - 1. Give q(5).
-1
Let k(g) = 3*g + 19. Calculate k(-4).
7
Let r(s) = 3*s - 6. Give r(16).
42
Let c(y) = -y**3 - 19*y**2 - 18*y - 11. What is c(-18)?
-11
Let k(a) = -2*a**2 - 26*a - 77. What is k(-4)?
-5
Let k(a) = 2*a**2 + 15*a - 16. What is k(-10)?
34
Let f(z) = z**3 - 21*z**2 + 22*z - 29. Determine f(20).
11
Let h(c) = c**3 - 3*c**2 - 2*c - 5. Determine h(4).
3
Let t(u) = -3*u + 5. Determine t(5).
-10
Let u(s) = s**2 - 19*s + 21. What is u(18)?
3
Let q(p) = -p - 10. Calculate q(5).
-15
Let g(w) = -w**3 - w**2 - 3*w + 8. What is g(2)?
-10
Let o(f) = f + 6. Give o(-11).
-5
Let u(b) = -3*b - 3. Determine u(-2).
3
Let s(a) = -a**3 - 14*a**2 + 2*a - 26. What is s(-14)?
-54
Let w(m) = m**2 + 7*m - 4. Determine w(-7).
-4
Let z(o) = 3*o**2 + 17*o + 4. Determine z(-5).
-6
Let h(x) = x**3 - 12*x**2 - 45*x + 1. Give h(15).
1
Let f(q) = q**3 + 16*q**2 - 19*q - 20. What is f(-17)?
14
Let o(j) = -2*j - 8. Determine o(-11).
14
Let z(r) = 2*r + 13. Calculate z(-10).
-7
Let i(a) = 5*a + 13. Calculate i(5).
38
Let t(x) = -x**2 + 8*x + 42. What is t(12)?
-6
Let q(s) = 16*s + 1. Determine q(-1).
-15
Let u(j) = -j**3 - 6*j**2 - j + 5. Calculate u(0).
5
Let x(o) = 3*o**2 + 4*o + 1. Give x(-4).
33
Let j(m) = -4*m - 29. Calculate j(-12).
19
Let r(d) = 4*d**2 + 4*d - 3. Calculate r(1).
5
Let l(s) = -2*s**3 - 3*s**2 + 5*s + 3. What is l(-3)?
15
Let p(s) = 18*s**2 - 1. Calculate p(1).
17
Let m(r) = -2*r**2 + 4*r + 13. Determine m(4).
-3
Let p(f) = f**3 - 13*f**2 - 141*f - 1. Give p(-7).
6
Let i(q) = q**3 - 4*q**2 + q - 3. Give i(3).
-9
Let f(a) = a**3 + 16*a**2 + 11*a + 8. What is f(-15)?
68
Let x(d) = -d**3 + d**2 + 3*d + 2. What is x(3)?
-7
Let v(w) = w**3 - 5*w**2 - 3*w - 4. Determine v(5).
-19
Let t(x) = -4*x + 6. Give t(0).
6
Let f(z) = z**2 + 6*z - 7. What is f(-5)?
-12
Let t(m) = -13*m - 57. Determine t(-5).
8
Let y(j) = j**3 - 10*j**2 + 10*j - 5. Give y(8).
-53
Let s(k) = k**2 + 19*k + 18. What is s(-9)?
-72
Let u(h) = -h**2 - 5*h - 6. Give u(-6).
-12
Let f(j) = -4*j**2 + 17*j - 13. What is f(4)?
-9
Let m(j) = j**2 - 8*j - 96. Calculate m(15).
9
Let g(w) = -w**3 + 5*w**2 + 9*w + 7. What is g(-2)?
17
Let k(o) = o**2 - 4*o - 2. Calculate k(6).
10
Let u(v) = 3*v - 10. Give u(0).
-10
Let l(z) = -z**3 - 9*z**2 + z - 8. Determine l(-9).
-17
Let f(a) = -a**2 + 7*a + 46. Calculate f(11).
2
Let r(l) = -9*l - 3. What is r(3)?
-30
Let h(l) = l - 11. Determine h(10).
-1
Let i(u) = u**3 + 10*u**2 - 2*u + 7. Determine i(-10).
27
Let s(c) = -c**3 - 9*c**2 - 13*